 428 = 4*j. Let d = z - -109. List the prime factors of d.
193
List the prime factors of 4853943/405 - 21/(945/2).
3, 5, 17, 47
Let f be 1/(1 - (-16)/(-20)). Let r(n) = 5*n - n**2 + 2 - n**2 - f*n + 3*n + n**3. What are the prime factors of r(2)?
2
Suppose -7*r + 20 = -3*r, 0 = -4*x + r + 11. Suppose 4*l + 0*z - z - 5284 = 0, 2*z = x*l - 5288. List the prime factors of l.
2, 3, 5, 11
Let t(h) = -h**3 - 24*h**2 - 39*h - 22. Let s be t(-22). What are the prime factors of ((-133)/(-28))/(131/s - -1)?
3, 11, 19
Let w(q) = q**2 - 2*q - 26. Let u be w(-4). What are the prime factors of 2/((1501/(-501) - u) + 1)?
3, 167
Let w(d) = 5*d**2 - 21*d + 4. Let h be w(9). Let k = 604 - h. What are the prime factors of k?
2, 3
Let p be -40*((-702)/24 - 0). Suppose -23*z + p = -13*z. What are the prime factors of z?
3, 13
Let c = 45686 + -34626. What are the prime factors of c?
2, 5, 7, 79
Let s(j) = 11*j + 1. Let a(d) = -d - 1. Let u be 4*((-276)/(-84) - (-2)/(-7)). Let y(b) = u*a(b) + 3*s(b). List the prime factors of y(3).
2, 3
Let t(u) be the third derivative of u**5/30 - u**4/2 + 37*u**3/3 - 244*u**2. What are the prime factors of t(-20)?
2, 557
Let m(r) be the third derivative of -209*r**4/24 + 5*r**3/6 - 5*r**2. Suppose 4*f = -4*n + 6 - 18, -7 = -3*f + 5*n. What are the prime factors of m(f)?
2, 107
Let l be (-527)/(-155) + (-4)/10. Suppose -5*z + 0*j = -2*j - 5642, -4*z + 4515 = -l*j. List the prime factors of z.
2, 3, 47
Let d(v) = v + 10. Suppose 10*k + 18 = 13*k. Let t be d(k). List the prime factors of (56/t)/(1/46).
7, 23
Let k be (1 - (-23)/4)/((-1)/36). Suppose -3*s - 94 - 125 = 5*g, 3*g + 117 = 3*s. Let i = g - k. What are the prime factors of i?
3, 67
Let u(b) = -b + 19. Let t be u(16). Suppose -a - 2 = -3*q, 4*q - t*a - 2*a + 12 = 0. Suppose 3*m - q*f = -4*f + 59, 0 = -3*f - 15. List the prime factors of m.
23
Let y be (-980)/(-175) + (-3)/5. Suppose 2*d - 1619 = -y*n + 227, n = -3*d + 364. What are the prime factors of n?
2, 5, 37
Suppose 0 = 3*g + 3*p - 9, -5*g - 35 = p - 6*p. List the prime factors of ((-24)/30)/(g/830).
2, 83
Suppose 4*w + 4*x - 176 = w, -x - 61 = -w. List the prime factors of 1000/w*30/4.
5
Let d be 2*(9/(-6))/(-3). Let a be (0/(-8))/(4*d). Suppose v - 112 = -a. List the prime factors of v.
2, 7
Let o = 53 - 47. Let x be (81/o)/(3/(-4)). What are the prime factors of (-734)/x + (-8)/(-36) - 1?
2, 5
Let v = -60 - -62. List the prime factors of -75*150/(-18) + -6 + v.
3, 23
Let x be 5 + (-1 - (-4 - -3)). Suppose -g = 3*c - 3529, -x*c + 7*c - 4*g = 2334. Suppose r - c = -4*r - 2*l, 3*l = 3*r - 684. List the prime factors of r.
233
Let v(w) = 31*w**2 - 8*w + 96. What are the prime factors of v(20)?
2, 3, 257
Let v be 3*(8*(-4084)/24)/(-2). Suppose -166*i = -168*i + v. What are the prime factors of i?
1021
Let g(r) = -210*r - 230. Suppose 262*t - 272*t = 60. What are the prime factors of g(t)?
2, 5, 103
Suppose -28*b + 4*b = -445524 - 994644. What are the prime factors of b?
23, 2609
Let d be -4*(-1 + (-22)/(-20))*150. Suppose 0 = 4*o - g + 556, -4*o - 4*g - 644 = -88. Let x = d - o. List the prime factors of x.
79
Suppose 2*d = s - 2*d + 81, 2*d - 243 = 3*s. List the prime factors of 9/s - 21604/(-36).
2, 3, 5
Suppose s - 109 = -7. Suppose -452 + s = 5*u. Let q = 39 - u. List the prime factors of q.
109
Let y(l) = 51*l**2 + 4*l + 3. Let n be y(-2). Suppose 4*u + 3*i - 867 = 0, -2*u + 3*u - 5*i = 211. Suppose 5*o = n + u. What are the prime factors of o?
83
Let r(a) = a + 5. Let c be r(0). Let w(t) = -11*t - 8. Let i be w(c). Let x = 171 + i. What are the prime factors of x?
2, 3
Let h = 31 - 32. Let g be (h + 3)/(-6) + 4/12. Suppose 14*u - 17*u + 318 = g. What are the prime factors of u?
2, 53
Let w(b) = -1593*b + 571. What are the prime factors of w(-3)?
2, 5, 107
Let h = -1856 + 3695. List the prime factors of h.
3, 613
Let x = 17142 + -5884. List the prime factors of x.
2, 13, 433
Let d(x) = 4*x - 134. Let n be d(38). Suppose 2858 + 9850 = n*y. List the prime factors of y.
2, 353
Let i(f) = -f**3 - 10*f**2 + 12*f + 15. Let a(y) = -y**2 - 10*y - 27. Let g be a(-8). Let l be i(g). List the prime factors of l/(-10) - (-10)/((-50)/(-507)).
101
Suppose -10*x = -3*x + 42. Let j(o) = o**3 + 6*o**2 - 7*o - 16. List the prime factors of j(x).
2, 13
List the prime factors of (-14181412)/(-280) + (-7)/(-70).
2, 13, 487
Suppose -8*z = 7*z - 120. Suppose z*r + 4 = 6*r. What are the prime factors of (r/(-5))/((-1)/10) - -219?
5, 43
Suppose 21*s - 55 = 10*s. Suppose 0 = -x + s*u + 325 + 14, 3*x - 3*u = 969. List the prime factors of x.
11, 29
Let l = -7 - -7. Let i be 0 - (l/(-1) - 3). List the prime factors of (34/(-3))/(i/(-9)).
2, 17
Suppose -14*l = -2*l. Let m(w) = 16 + 16*w - 14*w + 3*w**2 + l*w**2. List the prime factors of m(-6).
2, 7
Let u = -5 - -9. What are the prime factors of u*1 - (-167 + 16)?
5, 31
Let f(x) = 30*x**2 + 8*x - 8. Let j(i) = i**2 - i + 1. Let o(p) = -f(p) - 6*j(p). Let n be o(1). What are the prime factors of (0 - -4) + -8 - (n - -1)?
31
Let v be -12*7/(-2)*(-12)/56. What are the prime factors of (-1335)/v + 18/27?
149
Suppose 0 = -5*t - 42 + 57. Let j(f) = 16*f**2 - 14*f + 24. What are the prime factors of j(t)?
2, 3, 7
Let u = 323 + -71. Suppose -u = -8*i + 124. List the prime factors of i.
47
Suppose 311*a = 315*a - 1192. Suppose -z - 4*x = -247 - a, -3*x = -z + 559. What are the prime factors of z?
7, 79
Let s = 26 + 3. Suppose 0 = -5*w + 3*b + s, w + 4*b + 5 = b. Suppose -180 = -w*t - 4*p, t - 5*p + p - 40 = 0. List the prime factors of t.
2, 11
Suppose -8*n = -41*n + 16*n + 51612. List the prime factors of n.
2, 3, 11, 23
Let q(r) = 19*r - 24. Let c be q(3). What are the prime factors of -3 - 25/(-4 - (-131)/c)?
2, 3, 137
Let s be (-3 - 52/(-16))/(6/120). Suppose -2*n = -s*g + 1272, 0*g + 2*n = -5*g + 1268. What are the prime factors of g?
2, 127
Suppose -10246 = -5*c - 1336. Let o = c - 1205. List the prime factors of o.
577
Suppose -5*t = -6*h + 3*h - 6, -3*h = -2*t - 3. Suppose -10*x - h*x = -637. List the prime factors of x.
7
Suppose 13*u - 25 = 27. Suppose -2*k = -x - 5*k + 393, 4*k = u*x - 1556. List the prime factors of x.
2, 3, 5, 13
Suppose 4*y - 170300 = -4*k, -170372 = -4*k - 160*y + 165*y. What are the prime factors of k?
97, 439
Suppose 2*s - 3*q + 81 = 0, 7 + 26 = -s + 4*q. What are the prime factors of (2/6)/(s/(-63315))?
7, 67
Let c be (-24)/(-6) - 4 - 0. Suppose 0 = 4*r + 5*x - 44 - 203, c = -5*r + 5*x + 365. List the prime factors of r.
2, 17
Let q(p) = -4*p**3 + p**2 + 6*p + 10. Let s be q(-4). Suppose 1062 = -4*t - 5*w, -t - w - s = 4*w. What are the prime factors of t/28*(-28)/4?
67
Let s = 413 + -740. Let t = 16 - s. List the prime factors of t.
7
Let q(m) = -756*m - 56. List the prime factors of q(-5).
2, 7, 19
Let u = -66363 + 146331. List the prime factors of u.
2, 3, 7, 17
Let l = 66 - 68. Let v be 3/12*-22*l. List the prime factors of (-1)/(-4) - ((-6116)/16)/v.
5, 7
Suppose o = -2*i + 1766, -6*i + 2*i - 3564 = -2*o. Suppose -o = -3*s - 439. List the prime factors of s.
5, 89
Let x = -258 - -262. Suppose 3*l = x*v - 3032, -3*v = -5*v + 5*l + 1530. What are the prime factors of v?
5, 151
Let j = -7853 - -20732. What are the prime factors of j?
3, 53
Let m(o) = -16*o**3 - 14*o**2 + 2*o - 44. Let b be m(-12). Suppose 0 = -10*g - 34*g + b. What are the prime factors of g?
7, 83
Let m = -77 - -80. Suppose m*n - 581 - 229 = 0. Let q = 412 - n. What are the prime factors of q?
2, 71
Suppose 2 = -6*s + 8. What are the prime factors of (181 - (0 + s)) + (-1 - 1)?
2, 89
Let g(s) = -s**3 + 6*s**2 - s - 2. Let m be g(4). Suppose -2*q = p - 5*q - m, 0 = -4*q - 20. Suppose -14*r + p*r = -231. What are the prime factors of r?
7, 11
Let c = 32 - 24. Let h(y) = -7*y + 56. Let j be h(c). What are the prime factors of (-1 - 2)*(-2 + j + -82)?
2, 3, 7
Let h = -426 - -6115. What are the prime factors of h?
5689
Suppose -7*n + 18 = -4*n. Let k be ((-540)/42)/(n/(-56)). Suppose -20 = -k*f + 116*f. List the prime factors of f.
5
Let t = -4 - -10. Suppose 0 = h - 4*s + 4, 2 = h + 4*s - t*s. List the prime factors of (-4)/6*(-1188)/h.
3, 11
Let y(k) = -3*k**3 + 7*k - 8*k**2 + 5*k**3 - 2*k**3 + k**3. Let i be y(7). Suppose -4*x - 142 + 354 = -2*s, -5*x - s + 279 = i. What are the prime factors of 